s 16727 composite?
True
Is 1245905 a prime number?
False
Is 117085 a composite number?
True
Is 13327 a composite number?
False
Is 10331 a prime number?
True
Is 3611203 prime?
True
Is 39977 composite?
True
Is 49103 prime?
True
Is 41253 composite?
True
Is 1055 prime?
False
Is 851 composite?
True
Is 861823 composite?
False
Is 13649 composite?
False
Is 11269 a composite number?
True
Is 8419 prime?
True
Is 2609 a composite number?
False
Is 2051291 prime?
False
Is 353063 composite?
True
Is 13451 a prime number?
True
Is 207671 a prime number?
True
Is 28653 prime?
False
Is 119653 a prime number?
True
Is 63782 a composite number?
True
Is 8443 a prime number?
True
Is 773511 a composite number?
True
Is 694763 a composite number?
False
Is 1835 a prime number?
False
Is 650669 prime?
True
Is 1950783 a prime number?
False
Is 136769 a composite number?
False
Is 703129 composite?
True
Is 11149 prime?
True
Is 886777 a prime number?
True
Is 22931 a prime number?
False
Is 112405 a prime number?
False
Is 305401 prime?
True
Is 140203 a composite number?
True
Is 732023 composite?
False
Is 59921 a prime number?
True
Is 75659 a composite number?
False
Is 2879 a composite number?
False
Is 75149 a composite number?
False
Is 116993 prime?
True
Is 2855429 prime?
True
Is 7621 a composite number?
False
Is 31307 prime?
True
Is 213203 prime?
True
Is 2195273 prime?
True
Is 864073 a composite number?
True
Is 111301 a prime number?
True
Is 413521 composite?
False
Is 18367 composite?
False
Is 9349 a composite number?
False
Is 3991 a composite number?
True
Is 7169 prime?
False
Is 914 a prime number?
False
Is 953 prime?
True
Is 13289 a prime number?
False
Is 11695 a prime number?
False
Is 1943 a prime number?
False
Is 10289 prime?
True
Is 239113 composite?
True
Is 278843 a prime number?
True
Is 558149 a composite number?
False
Is 8213 a composite number?
True
Is 195159 a prime number?
False
Is 118303 a composite number?
True
Is 778771 prime?
False
Is 127265 prime?
False
Is 5227 composite?
False
Is 1615021 a composite number?
False
Is 4699 a composite number?
True
Is 8383 prime?
False
Is 59893 a composite number?
True
Is 9263 a composite number?
True
Is 19069 prime?
True
Is 92159 a composite number?
True
Is 41579 composite?
False
Is 37951 a composite number?
False
Is 6583 a prime number?
False
Is 69157 a composite number?
True
Is 417523 prime?
True
Is 186773 prime?
True
Is 26551 a prime number?
False
Is 6247 a prime number?
True
Is 16333 a prime number?
True
Is 907297 a prime number?
True
Is 17245 a composite number?
True
Is 12494 composite?
True
Is 9865 composite?
True
Is 619771 a prime number?
True
Is 289715 a composite number?
True
Is 9587 a composite number?
False
Is 2329 composite?
True
Is 97021 a prime number?
True
Is 2533 a prime number?
False
Is 40465 a composite number?
True
Is 80029 composite?
True
Is 220481 a prime number?
False
Is 48893 a prime number?
False
Is 107563 prime?
True
Is 615551 composite?
True
Is 442691 a prime number?
True
Is 24431 composite?
True
Is 113963 a composite number?
False
Is 2237 composite?
False
Is 2165 a composite number?
True
Is 116579 a composite number?
False
Is 549481 a composite number?
False
Is 37951 a prime number?
True
Is 1053551 a composite number?
False
Is 54445 a composite number?
True
Is 87821 a prime number?
False
Is 7057 composite?
False
Is 904283 a composite number?
False
Is 8443 composite?
False
Is 4849 a composite number?
True
Is 764783 a composite number?
False
Is 30127 composite?
True
Is 21139 prime?
True
Is 1499 composite?
False
Is 660521 composite?
False
Is 3613 a prime number?
True
Is 1553 a composite number?
False
Is 1561 composite?
True
Is 10811365 a composite number?
True
Is 97385 composite?
True
Is 96527 a composite number?
False
Is 4679 a composite number?
False
Is 6349 a prime number?
False
Is 81443 prime?
False
Is 1932145 prime?
False
Is 14383 composite?
True
Is 26126 prime?
False
Is 2333 a composite number?
False
Is 1119 a composite number?
True
Is 85043 a prime number?
False
Is 870781 a composite number?
True
Is 16953 composite?
True
Is 489733 prime?
True
Is 139577 composite?
True
Is 193423 a composite number?
False
Is 40423 prime?
True
Is 64781 prime?
True
Is 1459697 a composite number?
True
Is 82883 composite?
False
Is 5879 composite?
False
Is 16009 a prime number?
False
Is 182797 a composite number?
True
Is 54083 composite?
False
Is 26303 a prime number?
False
Is 1337839 a composite number?
True
Is 1151 prime?
True
Is 23263 prime?
False
Is 45159 a composite number?
True
Is 4327 a prime number?
True
Is 1317 composite?
True
Is 180811 a composite number?
False
Is 2747 prime?
False
Is 7985 prime?
False
Is 185351 a prime number?
False
Is 463129 composite?
True
Is 5891 a prime number?
False
Is 150343 a prime number?
True
Is 191281 prime?
True
Is 2221 a prime number?
True
Is 14503 a prime number?
True
Is 40073 composite?
True
Is 97135 a composite number?
True
Is 41221 a prime number?
True
Is 19121 a composite number?
False
Is 1655 a composite number?
True
Is 113587 composite?
True
Is 3616297 composite?
False
Is 19837 a prime number?
False
Is 52357 a composite number?
True
Is 58657 prime?
True
Is 78877 a prime number?
True
Is 7243 a composite number?
False
Is 120269 prime?
False
Is 682709 a composite number?
True
Is 93679 a prime number?
False
Is 220721 composite?
False
Is 468031 a prime number?
False
Is 11143 prime?
False
Is 15013 a prime number?
True
Is 38293 composite?
True
Is 167903 a composite number?
True
Is 12889 prime?
True
Is 220511 composite?
False
Is 2078837 a composite number?
True
Is 673 a composite number?
False
Is 33227 composite?
True
Is 3377 composite?
True
Is 450617 prime?
True
Is 94889 composite?
False
Is 331367 prime?
True
Is 3587 a composite number?
True
Is 984643 a composite number?
True
Is 11929 composite?
True
Is 475511 prime?
True
Is 56513 a prime number?
False
Is 90583 prime?
True
Is 20311 prime?
False
Is 89617 a prime number?
False
Is 125839 a prime number?
False
Is 766235 composite?
True
Is 161 prime?
False
Is 11677 prime?
True
Is 3907 prime?
True
Is 811799 prime?
True
Is 27581 prime?
True
Is 5911 a composite number?
True
Is 157321 composite?
False
Is 2347505 prime?
False
Is 472047 a prime number?
False
Is 6731 prime?
False
Is 13595 a prime number?
False
Is 31643 prime?
True
Is 198529 a composite number?
False
Is 2533 prime?
False
Is 6931 prime?
False
Is 248291 composite?
False
Is 1231 prime?
True
Is 8261 prime?
False
Is 26237 prime?
True
Is 529471 a prime number?
True
Is 4033 a composite number?
True
Is 53777 a prime number?
True
Is 504629 a composite number?
True
Is 96839 a prime number?
False
Is 75931 prime?
True
Is 43333 a prime number?
False
Is 39041 prime?
True
Is 14853 a prime number?
False
Is 17371 a prime number?
False
Is 30239 a prime number?
False
Is 346 composite?
True
Is 1847 a composite number?
False
Is 22799 a composite number?
True
Is 88379 prime?
True
Is 595729 composite?
True
Is 220163 composite?
False
Is 2630629 composite?
True
Is 53987 a composite number?
False
Is 781 a prime number?
False
Is 35515 a composite number?
True
Is 82601 composite?
False
Is 316581 composite?
True
Is 440345 a prime number?
False
Is 2821447 composite?
True
Is 5981 a prime number?
True
Is 318571 a composite number?
True
Is 515121 prime?
False
Is 573421 composite?
True
Is 85081 prime?
True
Is 217271 a prime number?
True
Is 15571 a composite number?
True
Is 2977 prime?
False
Is 2899 a composite number?
True
Is 253 prime?
False
Is 39113 composite?
False
Is 323 a composite number?
True
Is 24317 prime?
True
Is 429763 composite?
True
Is 201083 a composite number?
True
Is 157 prime?
True
Is 158507 a prime number?
True
Is 20841 a prime number?
False
Is 931273 composite?
True
Is 8157 prime?
False
Is 556883 a prime number?
True
Is 1927 prime?
False
Is 1753931 a prime number?
True
Is 92813 a prime number?
False
Is 673 prime?
True
Is 7246 composite?
True
Is 26807 a composite number?
True
Is 731869 a prime number?
True
Is 585941 a composite number?
True
Is 869 prime?
False
Is 1277 composite?
False
Is 568903 a composite number?
False
Is 347155 composite?
True
Is 65891 prime?
False
Is 861079 prime?
True
Is 3787 prime?
False
Is 1046851 prime?
False
Is 4553 a prime number?
False
Is 1224983 a prime number?
True